{"id":4386,"date":"2022-09-11T13:11:19","date_gmt":"2022-09-11T13:11:19","guid":{"rendered":"http:\/\/przedszkole263.edu.pl\/?page_id=4386"},"modified":"2025-09-01T15:07:18","modified_gmt":"2025-09-01T15:07:18","slug":"adaptacja-trzylatkow","status":"publish","type":"page","link":"https:\/\/przedszkole263.edu.pl\/index.php\/dla-rodzicow-2022-2023\/adaptacja-trzylatkow\/","title":{"rendered":"Adaptacja trzylatk\u00f3w"},"content":{"rendered":"\t\t<div data-elementor-type=\"wp-page\" data-elementor-id=\"4386\" class=\"elementor elementor-4386\">\n\t\t\t\t\t\t\t\t\t<section class=\"elementor-section elementor-top-section elementor-element elementor-element-c19f7ed elementor-section-boxed elementor-section-height-default elementor-section-height-default\" data-id=\"c19f7ed\" data-element_type=\"section\">\n\t\t\t\t\t\t<div class=\"elementor-container elementor-column-gap-default\">\n\t\t\t\t\t<div class=\"elementor-column elementor-col-100 elementor-top-column elementor-element elementor-element-a018eb9\" data-id=\"a018eb9\" data-element_type=\"column\">\n\t\t\t<div class=\"elementor-widget-wrap elementor-element-populated\">\n\t\t\t\t\t\t\t\t<div class=\"elementor-element elementor-element-7d92243 elementor-widget elementor-widget-text-editor\" data-id=\"7d92243\" data-element_type=\"widget\" data-widget_type=\"text-editor.default\">\n\t\t\t\t<div class=\"elementor-widget-container\">\n\t\t\t<style>\/*! elementor - v3.16.0 - 09-10-2023 *\/\n.elementor-widget-text-editor.elementor-drop-cap-view-stacked .elementor-drop-cap{background-color:#69727d;color:#fff}.elementor-widget-text-editor.elementor-drop-cap-view-framed .elementor-drop-cap{color:#69727d;border:3px solid;background-color:transparent}.elementor-widget-text-editor:not(.elementor-drop-cap-view-default) .elementor-drop-cap{margin-top:8px}.elementor-widget-text-editor:not(.elementor-drop-cap-view-default) .elementor-drop-cap-letter{width:1em;height:1em}.elementor-widget-text-editor .elementor-drop-cap{float:left;text-align:center;line-height:1;font-size:50px}.elementor-widget-text-editor .elementor-drop-cap-letter{display:inline-block}<\/style>\t\t\t\t<h1 style=\"text-align: center;\" data-wahfont=\"36\"><span style=\"color: #ff0000; font-family: arial black, sans-serif;\" data-wahfont=\"36\"><strong>Adaptacja dzieci do przedszkola<\/strong><\/span><\/h1><p style=\"text-align: center;\"><span style=\"font-family: arial, helvetica, sans-serif;\"><strong><span style=\"color: #0000ff;\">Zebranie informacyjne,<\/span><br \/>odby\u0142o si\u0119 <br \/><span style=\"color: #ff0000;\">w dniu 25 czerwca 2025 r. o godz. 16.00<\/span><br \/>podczas kt\u00f3rego, przekazali\u015bmy Pa\u0144stwu wiele informacji dotycz\u0105cych:<br \/><\/strong><\/span><span style=\"font-family: arial, helvetica, sans-serif;\"><strong>organizacji pracy przedszkola w roku szkolnym <\/strong><strong>2025\/2026<br \/><\/strong><\/span><span style=\"font-family: arial, helvetica, sans-serif;\"><strong>oraz termin\u00f3w spotka\u0144 adaptacyjnych dla dzieci<\/strong><strong>.<\/strong><\/span><\/p><p style=\"text-align: center;\"><span style=\"color: #0000ff;\"><strong>SPOTKANIA ADAPTACYJNE ODBY\u0141Y SI\u0118 W TERMINACH:<br \/><\/strong><\/span><\/p><p style=\"text-align: justify;\" data-wahfont=\"16\"><span style=\"font-family: arial, helvetica, sans-serif;\"><span style=\"color: #ff0000;\"><strong>26 <span style=\"color: #008000;\">czerwca<\/span> 2025 r. <\/strong><\/span><strong><span style=\"color: #ff0000;\"><span style=\"color: #000000;\">w godz.<\/span> 16.30 \u2013 17.30<\/span> \u2013 spotkanie w sali przedszkolnej.<br \/><\/strong><span style=\"color: #ff0000;\"><strong>23 \u2013 26 <span style=\"color: #008000;\">czerwca<\/span> 2025 r. <\/strong><\/span><strong><span style=\"color: #ff0000;\"><span style=\"color: #000000;\">w godz.<\/span> 10.45 \u2013 11.45<\/span> \u2013 swobodne zabawy w ogrodzie przedszkolnym pod opiek\u0105 rodzic\u00f3w.<\/strong><\/span><\/p><p style=\"text-align: justify;\" data-wahfont=\"16\"><span style=\"font-family: arial, helvetica, sans-serif;\"><span style=\"color: #ff0000;\"><strong>27 \u2013 28\u00a0 <span style=\"color: #000080;\">sierpnia <\/span>2025 r. <\/strong><\/span><strong><span style=\"color: #ff0000;\"><span style=\"color: #000000;\">w godz.<\/span> 16.30 \u2013 17.30<\/span> \u2013 spotkanie w sali przedszkolnej.<br \/><\/strong><span style=\"color: #ff0000;\"><strong>27 \u2013 28 <span style=\"color: #000080;\">sierpnia <\/span>2025 r. <\/strong><\/span><strong><span style=\"color: #ff0000;\"><span style=\"color: #000000;\">w godz.<\/span> 10.45 \u2013 11.45<\/span> \u2013 swobodne zabawy w ogrodzie przedszkolnym pod opiek\u0105 rodzic\u00f3w.<\/strong><\/span><\/p>\t\t\t\t\t\t<\/div>\n\t\t\t\t<\/div>\n\t\t\t\t\t<\/div>\n\t\t<\/div>\n\t\t\t\t\t\t\t<\/div>\n\t\t<\/section>\n\t\t\t\t<section class=\"elementor-section elementor-top-section elementor-element elementor-element-80d3877 elementor-section-boxed elementor-section-height-default elementor-section-height-default\" data-id=\"80d3877\" data-element_type=\"section\">\n\t\t\t\t\t\t<div class=\"elementor-container elementor-column-gap-default\">\n\t\t\t\t\t<div class=\"elementor-column elementor-col-100 elementor-top-column elementor-element elementor-element-dba4c64\" data-id=\"dba4c64\" data-element_type=\"column\">\n\t\t\t<div class=\"elementor-widget-wrap elementor-element-populated\">\n\t\t\t\t\t\t\t\t<div class=\"elementor-element elementor-element-a5ded7f elementor-widget elementor-widget-gallery\" data-id=\"a5ded7f\" data-element_type=\"widget\" data-settings=\"{&quot;columns&quot;:6,&quot;lazyload&quot;:&quot;yes&quot;,&quot;gallery_layout&quot;:&quot;grid&quot;,&quot;columns_tablet&quot;:2,&quot;columns_mobile&quot;:1,&quot;gap&quot;:{&quot;unit&quot;:&quot;px&quot;,&quot;size&quot;:10,&quot;sizes&quot;:[]},&quot;gap_tablet&quot;:{&quot;unit&quot;:&quot;px&quot;,&quot;size&quot;:10,&quot;sizes&quot;:[]},&quot;gap_mobile&quot;:{&quot;unit&quot;:&quot;px&quot;,&quot;size&quot;:10,&quot;sizes&quot;:[]},&quot;link_to&quot;:&quot;file&quot;,&quot;aspect_ratio&quot;:&quot;3:2&quot;,&quot;overlay_background&quot;:&quot;yes&quot;,&quot;content_hover_animation&quot;:&quot;fade-in&quot;}\" data-widget_type=\"gallery.default\">\n\t\t\t\t<div class=\"elementor-widget-container\">\n\t\t\t\t\t<div class=\"elementor-gallery__container\">\n\t\t\t\t\t\t\t<a class=\"e-gallery-item elementor-gallery-item elementor-animated-content\" href=\"https:\/\/przedszkole263.edu.pl\/wp-content\/uploads\/2022\/09\/IMG_3164.jpg\" data-elementor-open-lightbox=\"yes\" data-elementor-lightbox-slideshow=\"all-a5ded7f\" data-elementor-lightbox-title=\"IMG_3164\" data-e-action-hash=\"#elementor-action%3Aaction%3Dlightbox%26settings%3DeyJpZCI6NDM5MywidXJsIjoiaHR0cHM6XC9cL3ByemVkc3prb2xlMjYzLmVkdS5wbFwvd3AtY29udGVudFwvdXBsb2Fkc1wvMjAyMlwvMDlcL0lNR18zMTY0LmpwZyIsInNsaWRlc2hvdyI6ImFsbC1hNWRlZDdmIn0%3D\">\n\t\t\t\t\t<div class=\"e-gallery-image elementor-gallery-item__image\" data-thumbnail=\"https:\/\/przedszkole263.edu.pl\/wp-content\/uploads\/2022\/09\/IMG_3164-300x225.jpg\" data-width=\"300\" data-height=\"225\" alt=\"\" ><\/div>\n\t\t\t\t\t\t\t\t\t\t<div class=\"elementor-gallery-item__overlay\"><\/div>\n\t\t\t\t\t\t\t\t\t\t\t\t\t\t<\/a>\n\t\t\t\t\t\t\t<a class=\"e-gallery-item elementor-gallery-item elementor-animated-content\" href=\"https:\/\/przedszkole263.edu.pl\/wp-content\/uploads\/2022\/09\/IMG_3163.jpg\" data-elementor-open-lightbox=\"yes\" data-elementor-lightbox-slideshow=\"all-a5ded7f\" data-elementor-lightbox-title=\"IMG_3163\" data-e-action-hash=\"#elementor-action%3Aaction%3Dlightbox%26settings%3DeyJpZCI6NDM5MiwidXJsIjoiaHR0cHM6XC9cL3ByemVkc3prb2xlMjYzLmVkdS5wbFwvd3AtY29udGVudFwvdXBsb2Fkc1wvMjAyMlwvMDlcL0lNR18zMTYzLmpwZyIsInNsaWRlc2hvdyI6ImFsbC1hNWRlZDdmIn0%3D\">\n\t\t\t\t\t<div class=\"e-gallery-image elementor-gallery-item__image\" data-thumbnail=\"https:\/\/przedszkole263.edu.pl\/wp-content\/uploads\/2022\/09\/IMG_3163-300x225.jpg\" data-width=\"300\" data-height=\"225\" alt=\"\" ><\/div>\n\t\t\t\t\t\t\t\t\t\t<div class=\"elementor-gallery-item__overlay\"><\/div>\n\t\t\t\t\t\t\t\t\t\t\t\t\t\t<\/a>\n\t\t\t\t\t\t\t<a class=\"e-gallery-item elementor-gallery-item elementor-animated-content\" href=\"https:\/\/przedszkole263.edu.pl\/wp-content\/uploads\/2022\/09\/IMG_3161.jpg\" data-elementor-open-lightbox=\"yes\" data-elementor-lightbox-slideshow=\"all-a5ded7f\" data-elementor-lightbox-title=\"IMG_3161\" data-e-action-hash=\"#elementor-action%3Aaction%3Dlightbox%26settings%3DeyJpZCI6NDM5MSwidXJsIjoiaHR0cHM6XC9cL3ByemVkc3prb2xlMjYzLmVkdS5wbFwvd3AtY29udGVudFwvdXBsb2Fkc1wvMjAyMlwvMDlcL0lNR18zMTYxLmpwZyIsInNsaWRlc2hvdyI6ImFsbC1hNWRlZDdmIn0%3D\">\n\t\t\t\t\t<div class=\"e-gallery-image elementor-gallery-item__image\" data-thumbnail=\"https:\/\/przedszkole263.edu.pl\/wp-content\/uploads\/2022\/09\/IMG_3161-300x225.jpg\" data-width=\"300\" data-height=\"225\" alt=\"\" ><\/div>\n\t\t\t\t\t\t\t\t\t\t<div class=\"elementor-gallery-item__overlay\"><\/div>\n\t\t\t\t\t\t\t\t\t\t\t\t\t\t<\/a>\n\t\t\t\t\t\t\t<a class=\"e-gallery-item elementor-gallery-item elementor-animated-content\" href=\"https:\/\/przedszkole263.edu.pl\/wp-content\/uploads\/2022\/09\/IMG_3159.jpg\" data-elementor-open-lightbox=\"yes\" data-elementor-lightbox-slideshow=\"all-a5ded7f\" data-elementor-lightbox-title=\"IMG_3159\" data-e-action-hash=\"#elementor-action%3Aaction%3Dlightbox%26settings%3DeyJpZCI6NDM5MCwidXJsIjoiaHR0cHM6XC9cL3ByemVkc3prb2xlMjYzLmVkdS5wbFwvd3AtY29udGVudFwvdXBsb2Fkc1wvMjAyMlwvMDlcL0lNR18zMTU5LmpwZyIsInNsaWRlc2hvdyI6ImFsbC1hNWRlZDdmIn0%3D\">\n\t\t\t\t\t<div class=\"e-gallery-image elementor-gallery-item__image\" data-thumbnail=\"https:\/\/przedszkole263.edu.pl\/wp-content\/uploads\/2022\/09\/IMG_3159-300x225.jpg\" data-width=\"300\" data-height=\"225\" alt=\"\" ><\/div>\n\t\t\t\t\t\t\t\t\t\t<div class=\"elementor-gallery-item__overlay\"><\/div>\n\t\t\t\t\t\t\t\t\t\t\t\t\t\t<\/a>\n\t\t\t\t\t\t\t<a class=\"e-gallery-item elementor-gallery-item elementor-animated-content\" href=\"https:\/\/przedszkole263.edu.pl\/wp-content\/uploads\/2022\/09\/IMG_3158.jpg\" data-elementor-open-lightbox=\"yes\" data-elementor-lightbox-slideshow=\"all-a5ded7f\" data-elementor-lightbox-title=\"IMG_3158\" data-e-action-hash=\"#elementor-action%3Aaction%3Dlightbox%26settings%3DeyJpZCI6NDM4OSwidXJsIjoiaHR0cHM6XC9cL3ByemVkc3prb2xlMjYzLmVkdS5wbFwvd3AtY29udGVudFwvdXBsb2Fkc1wvMjAyMlwvMDlcL0lNR18zMTU4LmpwZyIsInNsaWRlc2hvdyI6ImFsbC1hNWRlZDdmIn0%3D\">\n\t\t\t\t\t<div class=\"e-gallery-image elementor-gallery-item__image\" data-thumbnail=\"https:\/\/przedszkole263.edu.pl\/wp-content\/uploads\/2022\/09\/IMG_3158-300x225.jpg\" data-width=\"300\" data-height=\"225\" alt=\"\" ><\/div>\n\t\t\t\t\t\t\t\t\t\t<div class=\"elementor-gallery-item__overlay\"><\/div>\n\t\t\t\t\t\t\t\t\t\t\t\t\t\t<\/a>\n\t\t\t\t\t\t\t<a class=\"e-gallery-item elementor-gallery-item elementor-animated-content\" href=\"https:\/\/przedszkole263.edu.pl\/wp-content\/uploads\/2022\/09\/IMG_3157.jpg\" data-elementor-open-lightbox=\"yes\" data-elementor-lightbox-slideshow=\"all-a5ded7f\" data-elementor-lightbox-title=\"IMG_3157\" data-e-action-hash=\"#elementor-action%3Aaction%3Dlightbox%26settings%3DeyJpZCI6NDM4OCwidXJsIjoiaHR0cHM6XC9cL3ByemVkc3prb2xlMjYzLmVkdS5wbFwvd3AtY29udGVudFwvdXBsb2Fkc1wvMjAyMlwvMDlcL0lNR18zMTU3LmpwZyIsInNsaWRlc2hvdyI6ImFsbC1hNWRlZDdmIn0%3D\">\n\t\t\t\t\t<div class=\"e-gallery-image elementor-gallery-item__image\" data-thumbnail=\"https:\/\/przedszkole263.edu.pl\/wp-content\/uploads\/2022\/09\/IMG_3157-300x225.jpg\" data-width=\"300\" data-height=\"225\" alt=\"\" ><\/div>\n\t\t\t\t\t\t\t\t\t\t<div class=\"elementor-gallery-item__overlay\"><\/div>\n\t\t\t\t\t\t\t\t\t\t\t\t\t\t<\/a>\n\t\t\t\t\t<\/div>\n\t\t\t<\/div>\n\t\t\t\t<\/div>\n\t\t\t\t\t<\/div>\n\t\t<\/div>\n\t\t\t\t\t\t\t<\/div>\n\t\t<\/section>\n\t\t\t\t<section class=\"elementor-section elementor-top-section elementor-element elementor-element-9ac3de9 elementor-section-boxed elementor-section-height-default elementor-section-height-default\" data-id=\"9ac3de9\" data-element_type=\"section\">\n\t\t\t\t\t\t<div class=\"elementor-container elementor-column-gap-default\">\n\t\t\t\t\t<div class=\"elementor-column elementor-col-100 elementor-top-column elementor-element elementor-element-de4deab\" data-id=\"de4deab\" data-element_type=\"column\">\n\t\t\t<div class=\"elementor-widget-wrap elementor-element-populated\">\n\t\t\t\t\t\t\t\t<div class=\"elementor-element elementor-element-5b944a3 elementor-widget elementor-widget-text-editor\" data-id=\"5b944a3\" data-element_type=\"widget\" data-widget_type=\"text-editor.default\">\n\t\t\t\t<div class=\"elementor-widget-container\">\n\t\t\t\t\t\t\t<h2 style=\"text-align: center;\" data-wahfont=\"30\"><span style=\"color: #ff0000;\" data-wahfont=\"30\"><strong>Adaptacja do przedszkola dotyczy nie tylko dziecka, ale tak\u017ce jego rodziny.<\/strong><\/span><\/h2><p style=\"text-align: justify;\" data-wahfont=\"16\"><span data-wahfont=\"16\"><strong>Tworz\u0105c warunki dla adaptacji najm\u0142odszych dzieci, u\u0142atwiamy w znaczny spos\u00f3b ten proces r\u00f3wnie\u017c ich rodzicom.<\/strong><\/span><\/p><p style=\"text-align: justify;\" data-wahfont=\"16\"><span data-wahfont=\"16\"><strong>Podstaw\u0105 naszego przedszkolnego programu adaptacji dzieci nowoprzyj\u0119tych s\u0105:<\/strong><\/span><\/p><ul><li style=\"text-align: justify;\"><strong>pierwsze zebranie informacyjne dla Rodzic\u00f3w dzieci nowoprzyj\u0119tych;<\/strong><\/li><li style=\"text-align: justify;\"><strong>spotkania w ogrodzie i sali przedszkolnej, w wyznaczonych terminach (w czerwcu, sierpniu), polegaj\u0105ce na swobodnych rozmowach i wsp\u00f3lnych zabawach oraz wsp\u00f3lnym wykonywaniu prac plastycznych.<\/strong><\/li><\/ul><h3 style=\"text-align: center;\" data-wahfont=\"30\"><span style=\"color: #ff0000;\"><strong>Jak zmniejszy\u0107 stres dziecka\u00a0<\/strong><strong>zwi\u0105zany<br \/>z przystosowaniem si\u0119 do przedszkola?<\/strong><\/span><\/h3><p style=\"text-align: justify;\" data-wahfont=\"16\"><span data-wahfont=\"16\"><strong>Wa\u017cnym aspektem adaptacji dziecka do przedszkola jest:<\/strong><\/span><\/p><ul style=\"text-align: justify;\"><li><strong>poszerzanie grona os\u00f3b spoza najbli\u017cszej rodziny, np. pozostawianie malca na kr\u00f3tki czas z babci\u0105, cioci\u0105 lub wujkiem,<\/strong><\/li><li><strong>wcze\u015bniejsze wdra\u017canie dziecka do czynno\u015bci samoobs\u0142ugowych, zanim przyjdzie pierwszy raz do przedszkola,<\/strong><\/li><li><strong>rozmowy z dzieckiem na temat pobytu w przedszkolu,<\/strong><\/li><li><strong>udzia\u0142 w spotkaniach adaptacyjnych organizowanych na terenie plac\u00f3wki, kt\u00f3re umo\u017cliwiaj\u0105 dziecku poznanie nowego \u015brodowiska oraz poznanie pa\u0144 i uczestniczenie w zabawach z innymi dzie\u0107mi.<\/strong><\/li><\/ul><p style=\"text-align: justify;\" data-wahfont=\"16\"><strong>Niepokoju przed rozstaniem zawsze da si\u0119 ca\u0142kowicie unikn\u0105\u0107. Ka\u017cde dziecko ma prawo \u017ale znosi\u0107 roz\u0142\u0105k\u0119 z najbli\u017cszymi. Maluch obserwuj\u0105c rodzica i widz\u0105c jego niepok\u00f3j, sam odczuwa, \u017ce dzieje si\u0119 co\u015b z\u0142ego. Dlatego wa\u017cne jest, aby rodzic by\u0142 spokojny, \u017cegna\u0142 i wita\u0142 swoje dziecko u\u015bmiechem. Cz\u0119sto poczucie bezpiecze\u0144stwa daje dziecku przyniesiona z domu przytulanka.<\/strong><\/p><p style=\"text-align: justify;\" data-wahfont=\"16\"><span data-wahfont=\"16\"><strong>Rodzice chc\u0105c u\u0142atwi\u0107 przystosowanie si\u0119 dziecka do nowych warunk\u00f3w powinni pami\u0119ta\u0107, aby:<\/strong><\/span><\/p><ul style=\"text-align: justify;\"><li><strong>cieszy\u0107 si\u0119 i okazywa\u0107 zadowolenie i cierpliwo\u015b\u0107, kiedy dziecko wykazuje samodzielno\u015b\u0107, wspiera\u0107 dziecko w samodzielnym radzeniu sobie z czynno\u015bciami samoobs\u0142ugowymi,<\/strong><\/li><li><strong>nie przeci\u0105ga\u0107 po\u017cegnania w szatni, pom\u00f3c si\u0119 dziecku rozebra\u0107, po\u017cegna\u0107 je i wyj\u015b\u0107,<\/strong><\/li><li><strong>nie straszy\u0107 dziecka przedszkolem,<\/strong><\/li><li><strong>nie zabiera\u0107 dziecka do domu, gdy p\u0142acze przy rozstaniu, je\u015bli zabierze si\u0119 je cho\u0107 jeden raz, nauczy si\u0119, \u017ce \u0142zami mo\u017ce wszystko wymusi\u0107,<\/strong><\/li><li><strong>je\u015bli rozstanie z mam\u0105 jest trudne i dziecko p\u0142acze, postara\u0107 si\u0119, aby przez kilka dni odprowadzali je do przedszkola tata lub babcia, \u2013 rozstania z tat\u0105 czy babci\u0105 mog\u0105 si\u0119 okaza\u0107 mniej bolesne,<\/strong><\/li><li><strong>nie wymusza\u0107 na dziecku, \u017ceby zaraz po przyj\u015bciu do domu opowiada\u0142o co wydarzy\u0142o si\u0119 w przedszkolu, to powoduje niepotrzebny stres,<\/strong><\/li><li><strong>konsekwentnie dotrzymywa\u0107 danych dziecku obietnic, by\u0107 s\u0142ownym, np. je\u015bli um\u00f3wimy si\u0119 z dzieckiem, \u017ce zostanie odebrane po obiedzie, to pobyt w przedszkolu nie mo\u017ce przed\u0142u\u017cy\u0107 si\u0119 do podwieczorku,<\/strong><\/li><li><strong>nie zamartwia\u0107 si\u0119 w domu w pracy, je\u015bli rozstanie z dzieckiem by\u0142o ci\u0119\u017ckie, poniewa\u017c dzieci zazwyczaj po wyj\u015bciu rodzica bardzo szybko si\u0119 uspokajaj\u0105 i zaczynaj\u0105 si\u0119 bawi\u0107.<\/strong><\/li><\/ul><h3 style=\"text-align: center;\" data-wahfont=\"24\"><strong><span style=\"color: #ff0000;\" data-wahfont=\"24\">Rodzicu\u00a0pami\u0119taj:<\/span><\/strong><\/h3><p style=\"text-align: justify;\" data-wahfont=\"16\"><strong>Wys\u0142anie dziecka do przedszkola nie mo\u017ce by\u0107 traktowane w kategoriach przykrej konieczno\u015bci!<\/strong><br \/><strong>W przedszkolu dziecko zdob\u0119dzie wiele sprawno\u015bci i umiej\u0119tno\u015bci, nauczy si\u0119 wsp\u00f3\u0142\u017cycia spo\u0142ecznego w grupie r\u00f3wie\u015bniczej, nabierze odwagi oraz b\u0119dzie mia\u0142o szans\u0119 uwierzy\u0107 we w\u0142asne mo\u017cliwo\u015bci, a przede wszystkim b\u0119dzie mia\u0142o mo\u017cliwo\u015b\u0107 wszechstronnego rozwoju, co u\u0142atwi mu w przysz\u0142o\u015bci podj\u0119cie nauki w szkole.<\/strong><\/p><div class=\"wp-block-file\" style=\"text-align: center;\"><a href=\"https:\/\/przedszkole263.edu.pl\/wp-content\/uploads\/2021\/07\/ADAPTACJA-WSKAZ%C3%93WKI-DLA-RODZIC%C3%93W-1.docx\" data-wahfont=\"16\"><span style=\"color: #339966;\"><strong>ADAPTACJA-WSKAZ\u00d3WKI DLA RODZIC\u00d3W<\/strong><\/span><\/a><a class=\"wp-block-file__button\" href=\"https:\/\/przedszkole263.edu.pl\/wp-content\/uploads\/2021\/07\/ADAPTACJA-WSKAZ%C3%93WKI-DLA-RODZIC%C3%93W-1.docx\" download=\"\" data-wahfont=\"13\">Pobierz<\/a><\/div>\t\t\t\t\t\t<\/div>\n\t\t\t\t<\/div>\n\t\t\t\t\t<\/div>\n\t\t<\/div>\n\t\t\t\t\t\t\t<\/div>\n\t\t<\/section>\n\t\t\t\t\t\t\t<\/div>\n\t\t","protected":false},"excerpt":{"rendered":"<p>Adaptacja dzieci do przedszkola Zebranie informacyjne,odby\u0142o si\u0119 w dniu 25 czerwca 2025 r. o godz. 16.00podczas kt\u00f3rego, przekazali\u015bmy Pa\u0144stwu wiele informacji dotycz\u0105cych:organizacji pracy przedszkola w roku szkolnym 2025\/2026oraz termin\u00f3w spotka\u0144 adaptacyjnych dla dzieci. SPOTKANIA ADAPTACYJNE ODBY\u0141Y SI\u0118 W TERMINACH: 26 czerwca 2025 r. w godz. 16.30 \u2013 17.30 \u2013 spotkanie [&hellip;]<\/p>\n","protected":false},"author":1,"featured_media":0,"parent":4369,"menu_order":0,"comment_status":"closed","ping_status":"closed","template":"","meta":{"ngg_post_thumbnail":0},"_links":{"self":[{"href":"https:\/\/przedszkole263.edu.pl\/index.php\/wp-json\/wp\/v2\/pages\/4386"}],"collection":[{"href":"https:\/\/przedszkole263.edu.pl\/index.php\/wp-json\/wp\/v2\/pages"}],"about":[{"href":"https:\/\/przedszkole263.edu.pl\/index.php\/wp-json\/wp\/v2\/types\/page"}],"author":[{"embeddable":true,"href":"https:\/\/przedszkole263.edu.pl\/index.php\/wp-json\/wp\/v2\/users\/1"}],"replies":[{"embeddable":true,"href":"https:\/\/przedszkole263.edu.pl\/index.php\/wp-json\/wp\/v2\/comments?post=4386"}],"version-history":[{"count":68,"href":"https:\/\/przedszkole263.edu.pl\/index.php\/wp-json\/wp\/v2\/pages\/4386\/revisions"}],"predecessor-version":[{"id":18876,"href":"https:\/\/przedszkole263.edu.pl\/index.php\/wp-json\/wp\/v2\/pages\/4386\/revisions\/18876"}],"up":[{"embeddable":true,"href":"https:\/\/przedszkole263.edu.pl\/index.php\/wp-json\/wp\/v2\/pages\/4369"}],"wp:attachment":[{"href":"https:\/\/przedszkole263.edu.pl\/index.php\/wp-json\/wp\/v2\/media?parent=4386"}],"curies":[{"name":"wp","href":"https:\/\/api.w.org\/{rel}","templated":true}]}}