{"id":4310,"date":"2022-07-18T16:19:15","date_gmt":"2022-07-18T16:19:15","guid":{"rendered":"http:\/\/przedszkole263.edu.pl\/?page_id=4310"},"modified":"2025-04-29T10:02:13","modified_gmt":"2025-04-29T10:02:13","slug":"ochrona-danych-osobowych","status":"publish","type":"page","link":"https:\/\/przedszkole263.edu.pl\/index.php\/ochrona-danych-osobowych\/","title":{"rendered":"Ochrona danych osobowych"},"content":{"rendered":"\t\t<div data-elementor-type=\"wp-page\" data-elementor-id=\"4310\" class=\"elementor elementor-4310\">\n\t\t\t\t\t\t\t\t\t<section class=\"elementor-section elementor-top-section elementor-element elementor-element-f84b913 elementor-section-boxed elementor-section-height-default elementor-section-height-default\" data-id=\"f84b913\" data-element_type=\"section\">\n\t\t\t\t\t\t<div class=\"elementor-container elementor-column-gap-default\">\n\t\t\t\t\t<div class=\"elementor-column elementor-col-100 elementor-top-column elementor-element elementor-element-fc2c1d1\" data-id=\"fc2c1d1\" data-element_type=\"column\">\n\t\t\t<div class=\"elementor-widget-wrap elementor-element-populated\">\n\t\t\t\t\t\t\t\t<div class=\"elementor-element elementor-element-fdb6fdf elementor-widget elementor-widget-text-editor\" data-id=\"fdb6fdf\" data-element_type=\"widget\" data-widget_type=\"text-editor.default\">\n\t\t\t\t<div class=\"elementor-widget-container\">\n\t\t\t<style>\/*! elementor - v3.16.0 - 09-10-2023 *\/\n.elementor-widget-text-editor.elementor-drop-cap-view-stacked .elementor-drop-cap{background-color:#69727d;color:#fff}.elementor-widget-text-editor.elementor-drop-cap-view-framed .elementor-drop-cap{color:#69727d;border:3px solid;background-color:transparent}.elementor-widget-text-editor:not(.elementor-drop-cap-view-default) .elementor-drop-cap{margin-top:8px}.elementor-widget-text-editor:not(.elementor-drop-cap-view-default) .elementor-drop-cap-letter{width:1em;height:1em}.elementor-widget-text-editor .elementor-drop-cap{float:left;text-align:center;line-height:1;font-size:50px}.elementor-widget-text-editor .elementor-drop-cap-letter{display:inline-block}<\/style>\t\t\t\t<p style=\"text-align: center;\"><span style=\"color: #000080;\"><strong>Identyfikacja Administratora Danych Osobowych i podstawy prawne<\/strong><\/span><\/p><p style=\"text-align: justify;\"><strong>\u00a0<\/strong><strong>Administrator danych osobowych<\/strong><\/p><p style=\"text-align: justify;\">Administratorem danych osobowych jest <strong>Przedszkole nr 263<\/strong>, z siedzib\u0105 ul. Mi\u0142a 39, 01-050 Warszawa.<br \/>Z Administratorem mo\u017cna si\u0119 kontaktowa\u0107 pisemnie, za pomoc\u0105 poczty tradycyjnej na w\/w adres lub drog\u0105 e-mailow\u0105 pod adresem: <a href=\"mailto:p263@eduwarszawa.pl\">p263@eduwarszawa.pl<\/a><\/p><p style=\"text-align: justify;\"><strong>Inspektor Ochrony Danych<\/strong><\/p><p style=\"text-align: justify;\">Administrator wyznaczy\u0142 Inspektora Ochrony Danych, Pani\u0105 Justyn\u0119 Sikorsk\u0105, z kt\u00f3r\u0105 mo\u017cna si\u0119 kontaktowa\u0107 na adres: iodo@rt-net.pl.<\/p><p style=\"text-align: justify;\"><strong>Podstawa prawna<\/strong><\/p><p style=\"text-align: justify;\">Dane osobowe s\u0105 przetwarzane na podstawie Rozporz\u0105dzenia Parlamentu Europejskiego i Rady (UE) 2016\/679 z dnia 27 kwietnia 2016 r. w sprawie ochrony os\u00f3b fizycznych w zwi\u0105zku z przetwarzaniem danych osobowych i w sprawie swobodnego przep\u0142ywu takich danych oraz uchylenia dyrektywy 95\/46\/WE (og\u00f3lne rozporz\u0105dzenie o ochronie danych) oraz ustawy z dnia 14 grudnia 2016 r. Prawo o\u015bwiatowe.<\/p><p style=\"text-align: center;\"><span style=\"color: #000080;\"><strong>Klauzule informacyjne og\u00f3lne<\/strong><\/span><\/p><p style=\"text-align: justify;\"><strong>Kontakt<\/strong><\/p><p style=\"text-align: justify;\">Wykorzystujemy Twoje dane osobowe, kt\u00f3re poda\u0142a\u015b\/e\u015b kontaktuj\u0105c si\u0119 z nami (w szczeg\u00f3lno\u015bci imi\u0119, nazwisko, adres e-mail oraz inne dane, kt\u00f3re poda\u0142a\u015b\/e\u015b w tre\u015bci wiadomo\u015bci kierowanej do Administratora). Podanie tych danych osobowych jest konieczne, aby m\u00f3c nawi\u0105za\u0107 kontakt \u2013 art. 6 ust. 1 lit. c RODO.<\/p><p style=\"text-align: justify;\">Dane osobowe b\u0119d\u0105 przetwarzane przez Administratora przez okres 5 lat, a nast\u0119pnie niezb\u0119dno\u015b\u0107 danych zostanie poddana weryfikacji i ewentualnemu usuni\u0119ciu.<\/p><p style=\"text-align: justify;\">Dane nie pochodz\u0105 od stron trzecich.<\/p><p style=\"text-align: justify;\">Administrator nie przewiduje zautomatyzowanego podejmowania decyzji.<\/p><p style=\"text-align: justify;\"><strong>Kontakty s\u0142u\u017cbowe<\/strong><\/p><p style=\"text-align: justify;\">Przetwarzanie danych osobowych odbywa si\u0119 w celu wymiany danych osobowych w ramach kontakt\u00f3w s\u0142u\u017cbowych. Dzia\u0142amy w oparciu o nasz prawnie uzasadniony interes &#8211; art. 6 ust. 1 lit. f RODO. Dane osobowe mog\u0105 pochodzi\u0107 od stron trzecich m.in.: pracownik\u00f3w, wsp\u00f3\u0142pracownik\u00f3w, wolontariuszy, beneficjent\u00f3w, kontrahent\u00f3w, klient\u00f3w, urz\u0119dnik\u00f3w. Dane osobowe b\u0119d\u0105 przetwarzane przez Administratora bezterminowo.<\/p><p style=\"text-align: justify;\">Administrator nie przewiduje zautomatyzowanego podejmowania decyzji.\u00a0<\/p><p style=\"text-align: justify;\"><strong>Darowizny<\/strong><\/p><p style=\"text-align: justify;\">Wykorzystujemy Twoje dane osobowe, kt\u00f3re poda\u0142a\u015b\/e\u015b w formularzu p\u0142atno\u015bci lub w przelewie (w\u00a0szczeg\u00f3lno\u015bci imi\u0119, nazwisko, adres, adres e-mail, numer konta bankowego). Podanie danych osobowych jest konieczne, aby m\u00f3c wesprze\u0107 nasz\u0105 dzia\u0142alno\u015b\u0107. Wykorzystujemy ww. dane osobowe w celu umo\u017cliwienia dokonania i obs\u0142ugi przekazania darowizny na rzecz Administratora. Podstaw\u0105 prawn\u0105 naszego dzia\u0142ania jest art. 6 ust. 1 lit. b RODO. Ponadto wykorzystujemy ww. dane osobowe w celu wystawienia dowod\u00f3w ksi\u0119gowych dokumentuj\u0105cych darowizny. Dzia\u0142amy w oparciu o ci\u0105\u017c\u0105cy na nas obowi\u0105zek prawny &#8211; art. 6 ust. 1 lit. c RODO. Dane osobowe <br \/>w tym celu przetwarzamy przez okres 5 lat od rozliczenia darowizny.<\/p><p style=\"text-align: justify;\">Wykorzystujemy Twoje dane osobowe obejmuj\u0105ce adres e-mail oraz adres, w celu przes\u0142ania Ci podzi\u0119kowania za wsparcie, a tak\u017ce przes\u0142ania informacji o naszych dzia\u0142aniach, kt\u00f3re zosta\u0142y sfinansowane z Twojego wsparcia. Dzia\u0142amy w oparciu o nasz prawnie uzasadniony interes \u00a0&#8211; art. 6 ust. 1 lit. f RODO.\u00a0 Dane osobowe przetwarzamy w tym celu przez rok od wsparcia naszych dzia\u0142a\u0144 lub do wcze\u015bniejszego skutecznego sprzeciwu wobec przetwarzania.<\/p><p style=\"text-align: justify;\">Dane nie pochodz\u0105 od stron trzecich.<\/p><p style=\"text-align: justify;\">Administrator nie przewiduje zautomatyzowanego podejmowania decyzji.\u00a0<\/p><p style=\"text-align: justify;\"><strong>BIP<\/strong><\/p><p style=\"text-align: justify;\">Dane s\u0105 przetwarzane na podstawie ustawy z dnia 6 wrze\u015bnia 2001r. o dost\u0119pie do informacji publicznej.<\/p><p style=\"text-align: justify;\">Przetwarzanie danych osobowych odbywa si\u0119 w celu: nawi\u0105zania kontaktu z Administratorem, na podstawie prawnie uzasadnionego interesu polegaj\u0105cego na zapewnieniu kontaktu \u2013 art. 6 ust. 1 lit. f RODO; wykonania obowi\u0105zk\u00f3w wynikaj\u0105cych z przepis\u00f3w prawa, w tym udzielenia odpowiedzi na wys\u0142ane zapytanie \u2013 art. 6 ust. 1 lit. c RODO; ustalenia, dochodzenia lub obrony roszcze\u0144 \u2013 art. 6 ust. 1 lit. f RODO.<\/p><p style=\"text-align: justify;\">Dane osobowe b\u0119d\u0105 przetwarzane przez Administratora przez okres niezb\u0119dny do realizacji cel\u00f3w, a po tym czasie przez okres niezb\u0119dny do wykonania obowi\u0105zku archiwizacyjnego.<\/p><p style=\"text-align: justify;\">Dane nie pochodz\u0105 od stron trzecich.<\/p><p style=\"text-align: justify;\">Administrator nie przewiduje zautomatyzowanego podejmowania decyzji.\u00a0<\/p><p style=\"text-align: justify;\"><strong>Monitoring wizyjny<\/strong><\/p><p style=\"text-align: justify;\">Przetwarzanie odbywa si\u0119 w celu: zapewnieniu bezpiecze\u0144stwa pracownik\u00f3w, podopiecznych, ochrony mienia, zachowania w tajemnicy informacji, kt\u00f3rych ujawnienie mog\u0142oby narazi\u0107 pracodawc\u0119\u00a0 na szkod\u0119 \u2013 art. 6 ust. 1 lit. f RODO. Dane b\u0119d\u0105 przechowywane nie d\u0142u\u017cej ni\u017c 30 dni.<\/p><p style=\"text-align: justify;\">Monitoringiem wizyjnym obj\u0119ty jest obszar: otoczenie budynku<\/p><p style=\"text-align: justify;\">Monitoring nie mo\u017ce s\u0142u\u017cy\u0107 do monitorowania pracy pracownik\u00f3w.<\/p><p style=\"text-align: justify;\">Dane nie pochodz\u0105 od stron trzecich.<\/p><p style=\"text-align: justify;\">Administrator nie przewiduje zautomatyzowanego podejmowania decyzji.\u00a0<\/p><p style=\"text-align: center;\"><span style=\"color: #000080;\"><strong>Klauzule informacyjne dla kandydat\u00f3w do pracy, pracownik\u00f3w, cz\u0142onk\u00f3w rodzin pracownik\u00f3w i innych os\u00f3b spokrewnionych<\/strong><\/span><\/p><p style=\"text-align: justify;\"><strong>\u00a0<\/strong><strong>Zasi\u0142ek opieku\u0144czy z powodu sprawowania opieki nad dzieckiem<\/strong><\/p><p style=\"text-align: justify;\"><u>Wnioskodawca<\/u><br \/>Przetwarzanie danych osobowych Pani\/Pana dziecka odbywa si\u0119 w zwi\u0105zku ze z\u0142o\u017ceniem przez Pani\u0105\/Pana wniosku o zasi\u0142ek opieku\u0144czy z powodu sprawowania opieki nad dzieckiem \u2013 art. 6 ust. 1 lit. c RODO, art. 9 ust. 2 lit. h RODO \u2013 dane b\u0119d\u0105 przechowywane przez 5 lat, a nast\u0119pnie zgodnie z przepisami dotycz\u0105cymi archiw\u00f3w. Przetwarzanie Pani\/Pana danych osobowych odbywa si\u0119 w zwi\u0105zku ze z\u0142o\u017ceniem przez Pani\u0105\/Pana wniosku <br \/>o zasi\u0142ek opieku\u0144czy z powodu sprawowania opieki nad dzieckiem \u2013 art. 6 ust. 1 lit. c RODO \u2013 dane b\u0119d\u0105 przechowywane przez 5 lat, a nast\u0119pnie zgodnie z przepisami dotycz\u0105cymi archiw\u00f3w.<\/p><p style=\"text-align: justify;\"><u>Drugi rodzic\/ma\u0142\u017conek\/inny cz\u0142onek rodziny wnioskodawcy<br \/><\/u>Przetwarzanie danych osobowych Pani\/Pana odbywa si\u0119 w zwi\u0105zku ze z\u0142o\u017ceniem przez matk\u0119 lub ojca dziecka lub Pani\/Pana ma\u0142\u017conka\/cz\u0142onka rodziny wniosku o zasi\u0142ek opieku\u0144czy z powodu sprawowania opieki nad dzieckiem \u2013 art. 6 ust. 1 lit. c RODO \u2013 dane b\u0119d\u0105 przechowywane przez 5 lat, a nast\u0119pnie zgodnie z przepisami dotycz\u0105cymi archiw\u00f3w.<\/p><p style=\"text-align: justify;\">Administrator nie przewiduje zautomatyzowanego podejmowania decyzji.<\/p><p style=\"text-align: justify;\"><strong>Zasi\u0142ek opieku\u0144czy z powodu sprawowania opieki nad chorym cz\u0142onkiem rodziny<\/strong><\/p><p style=\"text-align: justify;\"><u>Wnioskodawca<\/u><\/p><p style=\"text-align: justify;\">Przetwarzanie Pani\/Pana danych osobowych odbywa si\u0119 w zwi\u0105zku ze z\u0142o\u017ceniem wniosku o zasi\u0142ek opieku\u0144czy z powodu sprawowania opieki nad chorym cz\u0142onkiem rodziny \u2013 art. 6 ust. 1 lit. c RODO \u2013 dane b\u0119d\u0105 przechowywane przez 5 lat, a nast\u0119pnie zgodnie z przepisami dotycz\u0105cymi archiw\u00f3w.<\/p><p style=\"text-align: justify;\"><u>Ma\u0142\u017conek\/inny cz\u0142onek rodziny wnioskodawcy<\/u><\/p><p style=\"text-align: justify;\">Przetwarzanie Pani\/Pana danych osobowych odbywa si\u0119 w zwi\u0105zku ze z\u0142o\u017ceniem przez Pani\/Pana ma\u0142\u017conka\/cz\u0142onka rodziny wniosku o zasi\u0142ek opieku\u0144czy z powodu sprawowania opieki nad chorym cz\u0142onkiem rodziny \u2013 art. 6 ust. 1 lit. c RODO \u2013 dane b\u0119d\u0105 przechowywane przez 5 lat, a nast\u0119pnie zgodnie z przepisami dotycz\u0105cymi archiw\u00f3w.<\/p><p style=\"text-align: justify;\">Administrator nie przewiduje zautomatyzowanego podejmowania decyzji.<\/p><p style=\"text-align: justify;\"><strong>Urlop opieku\u0144czy<\/strong><\/p><p style=\"text-align: justify;\">Przetwarzanie danych osobowych odbywa si\u0119 w zwi\u0105zku z skorzystaniem z\u00a0 urlopu opieku\u0144czego w celu zapewnienia opieki nad cz\u0142onkiem rodziny, kt\u00f3ry wymaga wsparcia z powa\u017cnych wzgl\u0119d\u00f3w medycznych \u2013 art. 6 ust. 1 lit. c oraz art. 9 ust. 2 lit. b RODO \u2013 dane b\u0119d\u0105 przechowywane przez\u00a0 50 lat, licz\u0105c od dnia rozwi\u0105zania lub wyga\u015bni\u0119cia stosunku pracy \u2013 dla stosunk\u00f3w pracy nawi\u0105zanych przed 1 stycznia 1999 r. oraz dla stosunk\u00f3w pracy nawi\u0105zanych po 31 grudnia 1998 r., a przed 1 stycznia 2019 r., je\u017celi nie zosta\u0142 z\u0142o\u017cony raport informacyjny lub 10 lat, licz\u0105c od ko\u0144ca roku kalendarzowego, w kt\u00f3rym stosunek pracy uleg\u0142 rozwi\u0105zaniu lub wygas\u0142 albo od ko\u0144ca roku kalendarzowego, w kt\u00f3rym raport informacyjny zosta\u0142 z\u0142o\u017cony \u2013 dla stosunk\u00f3w pracy nawi\u0105zanych po 31 grudnia 2018 r. oraz dla stosunk\u00f3w pracy nawi\u0105zanych po 31 grudnia 1998 r., a przed 1 stycznia 2019 r., je\u017celi zosta\u0142 z\u0142o\u017cony raport informacyjny.<\/p><p style=\"text-align: justify;\">Administrator nie przewiduje zautomatyzowanego podejmowania decyzji.<\/p><p style=\"text-align: justify;\"><strong>Zak\u0142adowy Fundusz \u015awiadcze\u0144 Socjalnych<\/strong><\/p><p style=\"text-align: justify;\">Dane osobowe s\u0105 przetwarzane na podstawie ustawy z dnia 4 marca 1994 r. o zak\u0142adowym funduszu \u015bwiadcze\u0144 socjalnych. Celem przetwarzania jest rozpatrzenie wniosku i przyznanie \u015bwiadczenia z zak\u0142adowego funduszu \u015bwiadcze\u0144 socjalnych\u2013 art. 6 ust. 1 lit. c RODO. Dane przetwarzane na potrzeby rachunkowo\u015bci oraz ze wzgl\u0119d\u00f3w podatkowych przechowywane s\u0105 przez 5 lat, od ko\u0144ca roku kalendarzowego, w kt\u00f3rym zosta\u0142y przyznane \u015bwiadczenie. Dane, kt\u00f3rych nie ma obowi\u0105zku przechowywa\u0107, b\u0119d\u0105 niszczone niezw\u0142ocznie po zako\u0144czeniu dzia\u0142ania, kt\u00f3rego dotycz\u0105. Administrator dokonuje przegl\u0105du przydatno\u015bci przetwarzania danych osobowych nie rzadziej ni\u017c raz do roku.<\/p><p style=\"text-align: justify;\">Dane osobowe mog\u0105 pochodzi\u0107 od stron trzecich tj. od pracownik\u00f3w.<\/p><p style=\"text-align: justify;\">Administrator nie przewiduje zautomatyzowanego podejmowania decyzji.<\/p><p style=\"text-align: justify;\"><strong>Podmioty, kt\u00f3rym ujawniamy Twoje dane osobowe<\/strong><\/p><p style=\"text-align: justify;\">Nasza strona internetowa zawiera odno\u015bniki do innych stron www. Nie mo\u017cemy ponosi\u0107 odpowiedzialno\u015bci za zasady zachowania prywatno\u015bci obowi\u0105zuj\u0105ce na tych stronach. Namawiamy, by po przej\u015bciu na inne strony, zapozna\u0107 si\u0119 z\u00a0polityka prywatno\u015bci tam ustalon\u0105. Niniejsza polityka prywatno\u015bci dotyczy tylko strony internetowej prowadzonej przez Administratora Danych Osobowych.<\/p><p style=\"text-align: justify;\">Ujawniamy Twoje dane osobowe mi\u0119dzy innymi: bankom, Poczcie Polskiej S.A., Prezydentowi Miasta Sto\u0142ecznego Warszawa, do Dzielnicowego Biura Finans\u00f3w O\u015bwiaty Wola, Microsoft, Vulcan.<\/p><p style=\"text-align: justify;\">Ponadto dane osobowe mog\u0105 zosta\u0107 ujawnione organom publicznym na podstawie przepis\u00f3w prawa oraz podmiotom z nami wsp\u00f3\u0142pracuj\u0105cym na podstawie zawartych um\u00f3w powierzenia przetwarzania danych osobowych.<\/p><p style=\"text-align: justify;\"><strong>\u00a0<\/strong><strong>Twoje prawa <\/strong><\/p><p style=\"text-align: justify;\">W zwi\u0105zku z wykorzystywaniem przez nas Twoich danych osobowych mo\u017cesz domaga\u0107 si\u0119 od nas:<\/p><ul style=\"text-align: justify;\"><li>dost\u0119pu do swoich danych osobowych, uzyskania potwierdzenia, czy Twoje dane osobowe s\u0105 wykorzystywane, uzyskania kopii swoich danych osobowych oraz do uzyskania informacji zwi\u0105zanych z wykorzystaniem tych danych (art. 15 RODO),<\/li><li>kopii swoich danych osobowych, kt\u00f3rych sam nam dostarczy\u0142e\u015b\/dostarczy\u0142a\u015b, i przekazania tej kopii b\u0105d\u017a Tobie samemu\/samej, b\u0105d\u017a wskazanemu przez Ciebie pomiotowi w powszechnie u\u017cywanym, mo\u017cliwym do odczytu komputerowego formacie (art. 20 RODO),<\/li><li>sprostowania swoich danych osobowych, gdy s\u0105 niekompletne lub nieprawid\u0142owe (art. 16 RODO),<\/li><li>usuni\u0119cia wszystkich lub niekt\u00f3rych swoich danych osobowych (art. 17 RODO), je\u017celi odpad\u0142 celu lub podstawa prawna wykorzystywania tych danych, np. wobec cofni\u0119cia zgody lub zg\u0142oszenia zasadnego sprzeciwu albo je\u017celi dane osobowe by\u0142y wykorzystywane niezgodnie z prawem,<\/li><li>ograniczenia wykorzystania Twoich danych osobowych (art. 18 RODO) na czas niezb\u0119dny do rozstrzygni\u0119cia o zasadno\u015bci \u017c\u0105dania usuni\u0119cia lub sprostowania tych danych albo do rozstrzygni\u0119cia o zasadno\u015bci zg\u0142oszonego przez Ciebie sprzeciwu lub na czas niezb\u0119dny do ustalenia, dochodzenia lub obrony przez Ciebie roszcze\u0144;<\/li><\/ul><p style=\"text-align: justify;\">Mo\u017cesz wnie\u015b\u0107 sprzeciw wobec wykorzystania Twoich danych osobowych w oparciu o nasz prawnie uzasadniony interes (art. 21 RODO). Na skutek wniesionego sprzeciwu rozwa\u017cymy, czy z przyczyn zwi\u0105zanych z Twoj\u0105 szczeg\u00f3ln\u0105 sytuacj\u0105 Twoje prawa i wolno\u015bci maj\u0105 pierwsze\u0144stwo przed wzgl\u0119dami ochrony poufno\u015bci przetwarzanych przez nas danych osobowych.<\/p><p style=\"text-align: justify;\">Mo\u017cesz w dowolnym momencie wycofa\u0107 udzielon\u0105 zgod\u0119 na wykorzystanie Twoich danych osobowych (art. 7 RODO). Cofni\u0119cie zgody pozostaje bez wp\u0142ywu na zgodno\u015b\u0107 z prawem ich wykorzystywania na podstawie zgody przed jej cofni\u0119ciem.<\/p><p style=\"text-align: justify;\">Masz prawo do wniesienia skargi w zwi\u0105zku z wykorzystywaniem Twoich danych do Prezesa Urz\u0119du Ochrony Danych Osobowych ul. Stawki 2, 00-193 Warszawa. Skarg\u0119 mo\u017cesz wnie\u015b\u0107 w formie elektronicznej, w formie pisemnej albo ustnie do protoko\u0142u w siedzibie Prezesa Urz\u0119du.<\/p><p style=\"text-align: justify;\"><strong>Zmiany w Polityce Prywatno\u015bci <\/strong><\/p><p style=\"text-align: justify;\">Stosownie do potrzeb mo\u017cemy zmienia\u0107 i uzupe\u0142nia\u0107 Polityk\u0119 Prywatno\u015bci. O wszelkich zmianach lub uzupe\u0142nieniach poinformujemy Ci\u0119 poprzez zamieszczenie odpowiednich informacji na naszych stronach, <br \/>a w przypadku istotnych zmian poinformujemy Ci\u0119 bezpo\u015brednio na wskazany adres e-mail.<\/p><p style=\"text-align: center;\" data-wahfont=\"16\"><span style=\"color: #ff0000;\" data-wahfont=\"16\"><strong>Szanowni Pa\u0144stwo<br \/>wykonywanie, publikowanie i udost\u0119pnianie zdj\u0119\u0107 wykonanych w czasie imprez i uroczysto\u015bci otwartych organizowanych na terenie Przedszkola nr 263,<br \/>odbywa si\u0119 na w\u0142asn\u0105 odpowiedzialno\u015b\u0107 i \u015bwiadomo\u015b\u0107 konsekwencji wynikaj\u0105cych z rozpowszechniania wizerunku innych os\u00f3b bez ich zgody<em>.<\/em><\/strong><\/span><\/p><p style=\"text-align: justify;\" data-wahfont=\"16\">Dyrektor Przedszkola nr 263 w Warszawie przy ul. Mi\u0142ej 39 informuje, \u017ce w czasie organizowanych wydarze\u0144, uroczysto\u015bci publicznie otwartych nie maj\u0105 zastosowania przepisy rozporz\u0105dzenia Parlamentu Europejskiego i Rady (UE) 2016\/679 z 27.04.2016 r. w sprawie ochrony os\u00f3b fizycznych w zwi\u0105zku z przetwarzaniem danych osobowych i w sprawie swobodnego przep\u0142ywu takich danych oraz uchylenia dyrektywy 95\/46\/WE (og\u00f3lne rozporz\u0105dzenie o ochronie danych), (Dz. Urz. UE L 119, s. 1 \u2013 RODO)<br \/>oraz art. 81 ustawy z 4.02.1994 r. o prawie autorskim i prawach pokrewnych (Dz. U. z 2017 r. poz. 880 ze zm.).<\/p><p style=\"text-align: justify;\" data-wahfont=\"16\">\u00a0<\/p>\t\t\t\t\t\t<\/div>\n\t\t\t\t<\/div>\n\t\t\t\t\t<\/div>\n\t\t<\/div>\n\t\t\t\t\t\t\t<\/div>\n\t\t<\/section>\n\t\t\t\t\t\t\t<\/div>\n\t\t","protected":false},"excerpt":{"rendered":"<p>Identyfikacja Administratora Danych Osobowych i podstawy prawne \u00a0Administrator danych osobowych Administratorem danych osobowych jest Przedszkole nr 263, z siedzib\u0105 ul. Mi\u0142a 39, 01-050 Warszawa.Z Administratorem mo\u017cna si\u0119 kontaktowa\u0107 pisemnie, za pomoc\u0105 poczty tradycyjnej na w\/w adres lub drog\u0105 e-mailow\u0105 pod adresem: p263@eduwarszawa.pl Inspektor Ochrony Danych Administrator wyznaczy\u0142 Inspektora Ochrony Danych, [&hellip;]<\/p>\n","protected":false},"author":1,"featured_media":0,"parent":0,"menu_order":0,"comment_status":"closed","ping_status":"closed","template":"","meta":{"ngg_post_thumbnail":0},"_links":{"self":[{"href":"https:\/\/przedszkole263.edu.pl\/index.php\/wp-json\/wp\/v2\/pages\/4310"}],"collection":[{"href":"https:\/\/przedszkole263.edu.pl\/index.php\/wp-json\/wp\/v2\/pages"}],"about":[{"href":"https:\/\/przedszkole263.edu.pl\/index.php\/wp-json\/wp\/v2\/types\/page"}],"author":[{"embeddable":true,"href":"https:\/\/przedszkole263.edu.pl\/index.php\/wp-json\/wp\/v2\/users\/1"}],"replies":[{"embeddable":true,"href":"https:\/\/przedszkole263.edu.pl\/index.php\/wp-json\/wp\/v2\/comments?post=4310"}],"version-history":[{"count":29,"href":"https:\/\/przedszkole263.edu.pl\/index.php\/wp-json\/wp\/v2\/pages\/4310\/revisions"}],"predecessor-version":[{"id":17760,"href":"https:\/\/przedszkole263.edu.pl\/index.php\/wp-json\/wp\/v2\/pages\/4310\/revisions\/17760"}],"wp:attachment":[{"href":"https:\/\/przedszkole263.edu.pl\/index.php\/wp-json\/wp\/v2\/media?parent=4310"}],"curies":[{"name":"wp","href":"https:\/\/api.w.org\/{rel}","templated":true}]}}